*2 + w**3 - 5. Give h(5).
25
Let a(g) = -g + 1. Let j(k) = 1. Let n(p) = a(p) + 4*j(p). Suppose -c + 3 = q, 6 = 5*c - q - 9. Suppose c*r = -5*u + r + 7, -5*u = 5*r + 5. Determine n(u).
2
Let q(z) = z**3 - z**2 - z - 10. Suppose -4*h + 4*k + 16 = 0, 0*k + 8 = -2*h - 2*k. Give q(h).
-10
Let s(d) = -4*d**3 + 6*d**2 + d + 12. Let z(v) = 7*v**3 - 12*v**2 - 3*v - 23. Let x(j) = -5*s(j) - 3*z(j). What is x(7)?
-12
Let r(g) be the first derivative of -g**4/12 + 5*g**3/3 + 3*g**2/2 + 42*g - 17. Let w(v) be the first derivative of r(v). Determine w(10).
3
Let v be -4 + 1 - 9*2/(-6). Let l = 2 + v. Let n(h) = h**2 - 2*h + 3. What is n(l)?
3
Let t(q) = -q**3 + q**2. Let v(g) = 5*g**3 - 13*g**2 - 6*g - 7. Let k(s) = 6*t(s) + v(s). What is k(-6)?
-7
Suppose z = -2*z - 2*g - 35, 38 = -2*z - 5*g. Let j = -7 - z. Let f(n) = -1 + 0*n**j + 0*n**2 + 3*n**2. Calculate f(1).
2
Let w(s) = -s**3 - 2*s**2 + 4*s - 1. Let k(m) = 23*m**2 - 438*m + 15. Let u be k(19). Calculate w(u).
15
Let d(y) = y**3 - 3*y**2 + y + 4. Let m be d(3). Let f(w) = 0 + w - 11 + w. Let t be f(m). Let i(o) = o**2 - o. Calculate i(t).
6
Let u(i) = -i**2 + 13*i - 11. Let o(n) = -n**2 - 13*n - 32. Let k be o(-8). Determine u(k).
29
Suppose -f - 1 = 2*f + 4*p, 5*p = 2*f + 16. Let b(y) = -y**2 - 6*y - 3. Give b(f).
6
Let x(d) = 2*d**2 - 7*d - 2. Suppose 7038 - 7011 = 9*i. Determine x(i).
-5
Let p(y) = -76*y**2 - 1 + 2*y + 152*y**2 - y**3 - 75*y**2. Suppose 2*s - c + 2*c = 4, 4*c - 2 = -s. Determine p(s).
-1
Let p(i) = i**2 + 3*i - 2. Let t be p(1). Let w = t - -25. Let b be (4 - -1) + w/(-9). Let v(j) = -j**3 - j**2 - 2*j + 1. Give v(b).
-15
Let u = 435 + -438. Let p(w) = 3*w**2 - 4*w - 3. Calculate p(u).
36
Suppose 5*v + 17 + 15 = 3*j, 0 = 4*v - 3*j + 28. Suppose 6 = 4*r - 2, 2*r - 172 = -3*l. Let n(h) = 2*h - 5*h - 61 + l. Determine n(v).
7
Let q(p) = -6 - 24*p + 20*p + 3*p + 1. What is q(-6)?
1
Let b be (-4)/((2/7)/(-1)). Let f be 3/12 + b/8. Suppose 25 = -5*m, -13 = -4*s - m + f. Let q(x) = x + 1. Calculate q(s).
6
Let x(z) = 3*z + 1. Let c = -5 - -8. Suppose c*h - 4*h - 4*v = 0, -v + 57 = 5*h. Let u = -10 + h. Give x(u).
7
Let w(r) = -r**2 + 8*r + 3. Let f(i) = 2*i + 1. Let d(n) = -3*f(n) + w(n). Give d(3).
-3
Let t(c) = 3*c**3. Let v be t(-1). Let s(w) = 596*w**2 - w - w**3 - 303*w**2 + 3 - 296*w**2. Calculate s(v).
6
Let v(o) = 3*o + 52. Let d be (-1 - 7)/(2/4). Give v(d).
4
Let l(r) = -24*r + 37*r - 4 - 22*r. What is l(-1)?
5
Let h(m) = -4*m - 94. Let v be h(-23). Let s(w) = 4*w + 3. Give s(v).
-5
Let z be 25/(-9) + (-6)/27. Let y be (-6 - (-6 - z))/(-1). Let r(a) = -y - 2 + 5*a + 5. Give r(2).
10
Let z(o) = o + 10. Let w be z(-7). Let i(j) = j - 2. Let r(g) = 2*g - 6. Let x be r(4). Let h(l) = l - 2. Let s(m) = x*i(m) - 3*h(m). Give s(w).
-1
Let u(d) be the first derivative of 8 + 1/3*d**3 + 0*d**2 + 9*d. What is u(0)?
9
Suppose -l + 4*t = -4*l + 5, -t - 1 = 0. Let r = -26 - -27. Let q(y) = 0 - 3 - 2 - y + y**2 + r. Determine q(l).
2
Let d(w) be the third derivative of -w**4/8 - 3*w**3/2 - 2*w**2. Let s be (-4 + 3 - -2)*(-14)/2. Calculate d(s).
12
Let a(k) = 5*k**3 - 11*k**2 - 11*k + 1. Let y(j) = -13*j**3 + 23*j**2 + 23*j - 2. Let d(p) = -5*a(p) - 2*y(p). What is d(-7)?
34
Let g be ((-8)/4)/(-2) - (3 + -4). Let q(z) = 0*z - z + 2 - 1 - g. Give q(-5).
4
Let v(a) = 2*a**2 - 48*a - 53. Let h be v(25). Let w(p) = -p**2 - 2*p + 1. Calculate w(h).
-2
Let j(l) = 2*l + 10. Suppose -w + 78 - 102 = 0. Let q = 30 + -13. Let g = q + w. Determine j(g).
-4
Let l be (-4 + 168/40)*0. Let i(f) = f + 19. Calculate i(l).
19
Let w(g) = -g**2 - 10*g - 10. Let x be w(-3). Let v(u) = -3*u - u**3 - 8 - 3*u**2 + 17 - x. Calculate v(-3).
7
Let a = 38 - 66. Let k = -23 - a. Suppose -k*x + 12 = -2*x. Let y(j) = j. Give y(x).
4
Let t = 411 - 400. Let l(b) = -b + 24. Calculate l(t).
13
Let s = 14 + -10. Let i(f) = -5*f - 5. Let d(l) = -9*l - 10. Let v(z) = 4*d(z) - 7*i(z). Give v(s).
-9
Let y = 7 - 5. Let b = -12 - -12. Let t(x) = -y*x - 3 + b*x - 1 + 1. Give t(-4).
5
Let j be 0 + 1/((-3)/(-6)). Let u(c) = 2*c**2 + c - 9. Let b(p) = -p**2 + 4. Let n(a) = -7*b(a) - 3*u(a). Calculate n(j).
-3
Let k = -41 - -24. Let f = k - -15. Let o be 2 + f - -6 - 1. Let i(w) = w**3 - 5*w**2 + 2*w. What is i(o)?
10
Let r(q) = 4*q**3 - 2*q**2 - 2*q. Let z(p) = 7*p**3 - 3*p**2 - 3*p. Let g = 54 - 51. Let d(t) = g*z(t) - 5*r(t). Give d(-1).
-1
Let x(i) = -8*i + 1. Suppose -20 = -8*t + 4*t. Suppose 2*u = 7*u - t. Calculate x(u).
-7
Let k(j) = -j + 2. Suppose -62 = 10*z - 32. Determine k(z).
5
Let u(o) = -13*o - 3. Let j(r) = -6*r - 2. Let n(b) = 7*j(b) - 4*u(b). Give n(2).
18
Suppose 7*v + 168 = 31*v. Let d(s) = -s**3 + 6*s**2 + 9*s - 8. Calculate d(v).
6
Let c be 6 + -8 - 7*-2. Let x(a) = 17 - 4 - 2*a - c. Let d(f) = -f - 2. Let k be d(1). Give x(k).
7
Let v(j) be the third derivative of j**4/12 - j**3/3 - 8*j**2. Let w be 48/9 + (-2)/18*3. Determine v(w).
8
Let z(b) = b - 4. Let a(h) = -39*h + 393. Let p be a(10). Determine z(p).
-1
Let r = -7 - -3. Let w(j) = -j + 12. Let u be w(7). Let i(c) = -u*c**3 + 2*c**2 + 2 - 5*c**3 + 2*c - 5*c**2 + 9*c**3. Calculate i(r).
10
Let x be 1 + (-1 - (-10 - -7)). Let n(f) be the third derivative of 0 - 1/8*f**4 - 6*f**2 + 0*f + 2/3*f**x. Give n(3).
-5
Let m(k) = 75 + 81 - 137 + 16*k + k**2. Give m(-16).
19
Let b(f) = -2*f - 7. Let p(d) = 6*d + 5*d + 2*d - 2. Let y(c) = 19*c - 3. Let s(g) = 7*p(g) - 5*y(g). Let j be s(2). Calculate b(j).
7
Let c(r) = -11*r + 5. Suppose -10*z - 35 = -17*z. What is c(z)?
-50
Let q = -507 + 1522/3. Let a(r) be the second derivative of -r + 0 + r**2 + q*r**3. Give a(-3).
-4
Let i be (13/2 - -1)*4. Let t = 26 - i. Let g(r) = -r**2 - 4*r + 4. Determine g(t).
4
Let g(l) = -l**2 + 6*l + 1. Let t(m) = m**2 - 7*m + 8. Let z = 11 - 5. Let p be t(z). Suppose -p*f = -12 - 0. What is g(f)?
1
Let s(h) = 3*h**3 + 3*h**2 - 3*h + 3. Let f be s(2). Let o be (-72)/f + 4/22. Let x(t) = -3*t - 2. Give x(o).
4
Let k(b) be the second derivative of -b**4/3 - 5*b**3/3 - b**2/2 + 4*b. Let f(w) = w + 9*w + 1 + w + 5*w**2. Let j(t) = 6*f(t) + 7*k(t). Determine j(3).
5
Let r(n) = 4*n**2 - 43*n - 2*n**2 + 182777 - 182753. Determine r(21).
3
Suppose -2*d + 16 = 3*l, l + 109*d = 111*d. Let q(r) = 4*r + 5 - r**2 + 4 - 4. Determine q(l).
5
Let i(y) = 2*y**2 - 3*y + 2. Let h be i(2). Suppose 3*j + 1 + 21 = 4*n, -38 = -h*n - 5*j. Suppose -2*t - n = -13. Let f(l) = 2*l - 1. What is f(t)?
5
Suppose 0 = -2*n + 4*k - 58, 116 = -4*n - 0*n + 5*k. Let t = n - -24. Let c(o) = o**2 + 5*o - 1. Determine c(t).
-1
Let j(m) = -5*m**3 + m + 1. Let c(k) = -k**3 - k**2. Let h(l) = 6*c(l) - j(l). Let g = 58 + -63. Give h(g).
-21
Let t be (-3)/((-60)/(-8) - 6). Let f(d) = d**3 + d + 2. What is f(t)?
-8
Let l(f) = f**2 - 8*f + 2. Let u(a) = a**3 + 6*a**2 + 3*a - 4. Let c be u(-4). Suppose c = m + 3*y, m - 11 = -m + y. Give l(m).
-5
Let d(a) = 13*a + 1. Suppose 19*u - 237 = -275. Calculate d(u).
-25
Let z(n) = -n**3 + n - 1. Suppose -7*c + 88 = 109. Calculate z(c).
23
Let t(y) = y**3 + 12*y**2 - 14*y - 10. Let m be t(-13). Let b(o) = -2*o**3 - 8*o + 3*o**3 + 0*o**m + 8*o**2 - 2*o**3. Determine b(7).
-7
Suppose 2*q = 15 - 5. Let n(p) be the first derivative of p**4/4 - 4*p**3/3 - 5*p**2/2 - 2. Give n(q).
0
Let n be (75/225)/((4/2)/(-42)). Let s(u) = -9*u**2 + 1. Let h be s(1). Let l be n/28 + 30/h. Let d(g) = g**3 + 3*g**2 - 4*g - 1. Determine d(l).
-1
Let a(h) be the second derivative of -1/2*h**3 + 0 - 1/20*h**5 - h**2 - 7*h - 1/12*h**4. Let c be 2/10 - 22/10. Determine a(c).
8
Let l(m) = -m - 2. Let g(f) = 10*f + 20. Let w(o) = g(o) + 5*l(o). Calculate w(-2).
0
Let y(j) be the second derivative of -j**5/20 + j**3/3 - 3*j**2 - 4*j. Let v be y(0). Let z(l) be the third derivative of l**4/24 - l**3/2 - l**2. What is z(v)?
-9
Let u(s) = -5*s. Let v = 4 - 11. Let y = 6 + v. Calculate u(y).
5
Let u(o) = -o**3 - 24*o**2 - 24*o - 16. Suppose -112 = 39*c + 785. Give u(c).
7
Let g(l) = l + 4. Let r be g(4). Let m(z) = 0*z + 0*z - r - 3*z + 0*z. Suppose y + y = -12. Determine m(y).
10
Let n(x) = -x**3 + x**2 + x - 5. Suppose 3*k = k - 4*a + 28, -3*a = 3*k - 30. Suppose 4*y - k = y. Suppose 4*f - y*z - 1 = 5, -z - 3 = 2*f. Determine n(f).
-5
Let x(p) = -20*p**2 - p + 1. Suppose 0 = 3*y - 3 - 21. Let k be (1 + (-1 - -2))*4/y. What